6?
3
Suppose 0 = -6*j + 28 + 44. Calculate the remainder when 44 is divided by j.
8
Let a(v) = -v**2 - 12*v - 15. Let d be a(-10). Suppose 2*m - 30 = 4*z, -d*z - 17 - 12 = -2*m. Let b = 8 - 2. Calculate the remainder when m is divided by b.
5
Let y = 4 + -7. Let l = -3 - y. Suppose -5*j + 4*p + l = -31, -2*p - 8 = 0. What is the remainder when 7 is divided by j?
1
Let j(o) = 12*o - 22. What is the remainder when j(6) is divided by 17?
16
Let x(k) = k**3 - 4*k**2 + 2*k - 3. Let m be x(4). Suppose -50 = -3*c - 5*p - 3, m*p - 2 = 2*c. Let h = 10 + -5. What is the remainder when c is divided by h?
4
Let q = -22 - -31. Let c(m) = 7*m**2 + 2*m + 1. Let y = 4 - 6. What is the remainder when c(y) is divided by q?
7
Let q(w) = w**2 + w + 1. Let x be (0 + (-15)/9)*-3. Suppose x*c - 20 = -0*c. Calculate the remainder when c is divided by q(-2).
1
Let k(b) = -b**3 - 6*b**2 + 3*b - 2. What is the remainder when k(-7) is divided by 7?
5
Let v be -4 + (18 - (-3 - -3)). Let f = 21 - v. What is the remainder when 16 is divided by f?
2
Let n(l) = l**3 + 15*l**2 + 11*l - 24. What is the remainder when 142 is divided by n(-14)?
16
Suppose -3*q - 26 = -5*q. Calculate the remainder when q is divided by 5.
3
Let n = 12 - 10. What is the remainder when 3 is divided by n?
1
Suppose 5*n = 95 + 45. Suppose 3*p + 0*p = 333. What is the remainder when p is divided by n?
27
Suppose 0 = -4*g - 2*a - 4, -g + 12 = 3*g - 2*a. Let s(b) = 1 + 6*b + 14*b + 5*b - 6*b. Calculate the remainder when 59 is divided by s(g).
19
Let i = 65 - 23. Calculate the remainder when i is divided by 15.
12
Suppose -6*k + 5 = -49. Let v = 24 + 10. Calculate the remainder when v is divided by k.
7
Let j(p) = -2*p - 15. What is the remainder when 24 is divided by j(-15)?
9
Let b(t) = -t**3 + 7*t**2 - 1. Let m(g) = g. Let p(u) = 1. Let q(x) = m(x) + 5*p(x). Calculate the remainder when b(6) is divided by q(7).
11
Suppose -3*t = -97 + 19. What is the remainder when t is divided by 15?
11
Let x = 2 + 26. Calculate the remainder when 67 is divided by x.
11
Let k be ((-60)/14)/(1/7). Let u = -13 - k. Calculate the remainder when u is divided by 9.
8
Suppose 0*j - 12 = j + 3*s, -3*j + s - 36 = 0. Let f be 64/6*(-27)/j. Suppose 0*o + 3*o = f. What is the remainder when o is divided by 5?
3
Let u be (-2 - -2) + -3 + 2. Let c(f) = -54*f**3 - 2*f - 1. Calculate the remainder when c(u) is divided by 19.
17
Let n be (-4)/1 - (-13 + 25). Let z = n - -32. Calculate the remainder when 29 is divided by z.
13
Let i(z) = 156*z**2 + 4*z + 2. Calculate the remainder when i(-1) is divided by 31.
30
Suppose 0 = 5*h - h - 64. Suppose 53 + h = 3*k. What is the remainder when 43 is divided by k?
20
Let l(y) = -2*y**3 - y**2 - 3*y - 4. Let g(r) = -r**3 - 4*r - 3. Let u(q) = -3*g(q) + 2*l(q). Calculate the remainder when 24 is divided by u(-4).
6
Let p(f) = -f**3 + 7*f**2 - 3*f - 1. Let z be p(6). Suppose 5*j = 13 + z. What is the remainder when (-14)/(-1) - (2 - 4) is divided by j?
4
Let r be (-44)/3*(-15)/10. Suppose 3*z - 5*z = -r. What is the remainder when z is divided by 3?
2
Suppose 3*d - 30 + 3 = 0. Calculate the remainder when d is divided by -1 + 8/20 - (-18)/5.
0
Let y(n) = -4 + 3*n + 2*n + 2*n. Suppose 9 = -2*f + 3*f. Calculate the remainder when y(f) is divided by 20.
19
Let x = -48 - -118. Suppose -2*g + l - 52 = 0, -97 = 4*g + 3*l + 7. Let u = -2 - g. Calculate the remainder when x is divided by u.
22
What is the remainder when 18/(-9) - 86/(-2) is divided by 14?
13
Let q(j) = 14*j - 4. Let p be -1 + 1*2*2. What is the remainder when q(p) is divided by 14/70 + 1 + 118/10?
12
Suppose 5*g - a - 18 = 44, 2*a - 32 = -3*g. What is the remainder when 35 is divided by g?
11
Let g = -143 + 168. What is the remainder when g is divided by 9?
7
Let r = 0 + 9. Suppose 11*z - 56 = r*z. What is the remainder when z is divided by 6?
4
Let o be 5 + -2 + 1 + 0. Suppose 2*j + v - o = j, -4*j + v = -41. Calculate the remainder when j is divided by 5.
4
Suppose -48 = -2*w - 2*w. Let l = 34 - 2. Calculate the remainder when l - 2*(-2)/4 is divided by w.
9
Let o(n) = n**2 + n + 1. Let z be o(-3). Let t(k) = -3 + 2 - 4 + k. What is the remainder when 5 is divided by t(z)?
1
What is the remainder when 169 is divided by (-1)/3 - 780/(-18)?
40
Let j = -61 - -68. What is the remainder when 10 is divided by j?
3
Suppose 57 = -0*t + t. What is the remainder when t is divided by 30?
27
Suppose 2*q = 4 + 6. Suppose 2*l + q - 23 = 0. Calculate the remainder when 17 is divided by l.
8
Let q = 81 - 40. What is the remainder when q is divided by 98/7 - (0 - 0)?
13
Let m(d) be the third derivative of -d**5/60 - d**4/2 - d**3/3 - 2*d**2. What is the remainder when 53 is divided by m(-10)?
17
Suppose -f + 3*h - 36 = 0, -2*f + 6*h - 69 = h. Let b = -15 - f. What is the remainder when 46 is divided by b?
10
Suppose 4*h - 57 = p, -p - 6 + 1 = 0. What is the remainder when 21 is divided by h?
8
Suppose 0 = -3*f - 14 + 65. Calculate the remainder when 47 is divided by f.
13
Let s = -45 + 58. Let m be (-2)/(-7) + 540/21. Suppose m + 9 = 5*w. Calculate the remainder when s is divided by w.
6
Suppose d + 3*d + 8 = 0. Suppose -5*j = -24 + 4. Calculate the remainder when d - 13*(-3)/3 is divided by j.
3
Suppose 0 = -3*f + 260 - 248. Calculate the remainder when (45/(-20))/((-6)/16) is divided by f.
2
Let l(w) = -w**3 - 9*w**2 + 12*w - 6. Let r be l(-10). Let q = r - -61. Calculate the remainder when q is divided by 9/21 + (-243)/(-21).
11
Suppose 4*g - 2*g - 34 = 0. Let j = g - -2. Calculate the remainder when j is divided by 5.
4
Let u = -149 - -78. Suppose -z + 492 = 3*z. Let m = z + u. What is the remainder when m is divided by 18?
16
Let c = 13 - -1. Let v = c + -5. What is the remainder when 16 is divided by v?
7
Let o(m) = m**2 + 3*m. What is the remainder when 19 is divided by o(-4)?
3
Let t(h) = -h**3 + 4*h**2 + 7*h - 5. What is the remainder when 12 is divided by t(5)?
2
Let c = 69 + -43. Suppose -3*s + 236 = -2*x, 6*s - 388 = s + 2*x. Calculate the remainder when s is divided by c.
24
Suppose -l = 3*l - 80. Calculate the remainder when l is divided by 7.
6
Suppose -14 = -4*t + u + 4, -3*t - 4*u + 4 = 0. Suppose -2*g = a - 2 + 6, 5*a + t*g = 10. What is the remainder when a is divided by 4?
2
Let g = -10 + 22. Suppose -72 = -3*n + 33. Calculate the remainder when n is divided by g.
11
Suppose -d + 6 + 22 = 0. Let w = -14 + d. Calculate the remainder when 38 is divided by w.
10
Suppose k + 38 - 95 = 0. What is the remainder when k is divided by 12?
9
Suppose -2*o + 3*o = -5*s + 360, -3*s + 216 = 5*o. Suppose -3*q = -q - s. Suppose -4*w + 20 = -q. Calculate the remainder when 40 is divided by w.
12
Suppose 0 = 12*r - 18 - 162. Calculate the remainder when 25 is divided by r.
10
Let r(y) = -y**3 - y**2 - y + 75. Calculate the remainder when r(0) is divided by 20.
15
Suppose 0*x + x = 136. Let l = x - 81. Suppose 21 = 2*f - 17. Calculate the remainder when l is divided by f.
17
Let g(v) = 14*v**3 - v. Let n be g(1). Let t = 9 + n. Suppose 0 = 2*w - 2*k - 12, 3*w - 4*w + t = 3*k. What is the remainder when w is divided by 4?
2
Let p(d) = -46*d. What is the remainder when p(-1) is divided by 8?
6
Let x = 2 - 5. Let c(g) = -g**2 + 6*g - 2. Let v be c(4). Let i = x + v. Calculate the remainder when 4 is divided by i.
1
Let j = 308 - 140. Calculate the remainder when j is divided by 34.
32
Let q = -42 + 75. Let x = q + -67. What is the remainder when 1/((-2)/x - 0) is divided by 9?
8
Let f = 91 - 78. Let n(d) = -5*d**3 - 3*d**2 - 1 + d**2 - 4*d - 2. Calculate the remainder when n(-2) is divided by f.
11
Let v be 3 - (-3)/((-9)/(-3)). Suppose i = -5*t + 4, -v*i + 2*t - t = -16. Calculate the remainder when 10 is divided by i.
2
Let h(x) = 8*x - 11. Let b be h(11). Suppose -3*m + b = 8. Suppose 8 = -0*j + j. Calculate the remainder when m is divided by j.
7
Suppose 4*r = 4 - 24. What is the remainder when 7 is divided by r/10*(-1 - 3)?
1
Suppose -2 = -7*u + 6*u. Suppose -u*w + 42 = 10. Calculate the remainder when w is divided by 9.
7
Suppose -5*m + 233 = -3*q, 5*m + 2*q - 253 = -0*q. Let o(z) = 3*z**3 - 1. Let a be o(1). Suppose -a*x - x = -51. What is the remainder when m is divided by x?
15
Let u(j) = -j**3 - 11*j**2 + j + 13. Let d be u(-11). Suppose -